{"id":73,"date":"2021-11-30T12:34:19","date_gmt":"2021-11-30T11:34:19","guid":{"rendered":"https:\/\/efisaf.parisnanterre.fr\/copa75\/?page_id=73"},"modified":"2025-01-29T14:56:55","modified_gmt":"2025-01-29T13:56:55","slug":"quelques-ressources","status":"publish","type":"page","link":"https:\/\/efis.parisnanterre.fr\/copa75\/quelques-ressources\/","title":{"rendered":"Quelques ressources"},"content":{"rendered":"\n<figure class=\"wp-block-image size-full\"><img loading=\"lazy\" decoding=\"async\" width=\"971\" height=\"617\" src=\"https:\/\/efisaf.parisnanterre.fr\/copa75\/wp-content\/uploads\/sites\/3\/2021\/11\/image-droits-des-enfants.jpg\" alt=\"\" class=\"wp-image-55\" srcset=\"https:\/\/efis.parisnanterre.fr\/copa75\/wp-content\/uploads\/sites\/3\/2021\/11\/image-droits-des-enfants.jpg 971w, https:\/\/efis.parisnanterre.fr\/copa75\/wp-content\/uploads\/sites\/3\/2021\/11\/image-droits-des-enfants-300x191.jpg 300w, https:\/\/efis.parisnanterre.fr\/copa75\/wp-content\/uploads\/sites\/3\/2021\/11\/image-droits-des-enfants-768x488.jpg 768w\" sizes=\"auto, (max-width: 971px) 100vw, 971px\" \/><figcaption><span class=\"media-credit\"> <\/span><\/figcaption><\/figure>\n\n\n\n<p><strong>\u00c0 propos des droits des enfants : <\/strong><\/p>\n\n\n\n<ul class=\"wp-block-list\">\n<li><a href=\"https:\/\/efis.parisnanterre.fr\/copa75\/wp-content\/uploads\/2021\/04\/BrochureCR_Fr.pdf.pdf\" target=\"_blank\" rel=\"noreferrer noopener\">\u00ab\u00a0j&rsquo;ai droit, tu as droits, il\/elle a droit &#8230; une introduction aux droits de l&rsquo;enfant\u00a0\u00bb<\/a>, 6 pages illustr\u00e9es \u00e0 destination des enfants<\/li>\n\n\n\n<li><a href=\"https:\/\/www.unicef.fr\/sites\/default\/files\/unicef-france-consultation-nationale-2018_.pdf\" target=\"_blank\" rel=\"noreferrer noopener\">le point de vue des enfants sur leurs droits<\/a>, Unicef, 2018<\/li>\n\n\n\n<li>le <a href=\"https:\/\/defenseurdesdroits.fr\/fr\/competences\/missions-objectifs\/defense-des-droits-de-lenfant\" target=\"_blank\" rel=\"noreferrer noopener\">site internet du D\u00e9fenseur des droits<\/a> fran\u00e7ais avec beaucoup de supports et notamment des vid\u00e9os<\/li>\n\n\n\n<li>un <a href=\"https:\/\/www.coe.int\/fr\/web\/children\/child-friendly-materials\" target=\"_blank\" rel=\"noreferrer noopener\">site internet du conseil de l&rsquo;Europe <\/a>qui regroupe des ressources au sujet des droits de l&rsquo;enfant<\/li>\n\n\n\n<li><a href=\"https:\/\/efis.parisnanterre.fr\/copa75\/wp-content\/uploads\/2021\/04\/CoE_Child-friendly-Digital-Environment_FR_Leaflet.pdf\" target=\"_blank\" rel=\"noreferrer noopener\">\u00ab\u00a0conna\u00eetre tes droits dans l&rsquo;environnement num\u00e9rique\u00a0\u00bb<\/a><\/li>\n\n\n\n<li>le <a href=\"https:\/\/www.coe.int\/fr\/web\/children\/-\/-listen-act-change-launch-of-a-new-council-of-europe-guide-on-children-s-participation?inheritRedirect=true&amp;redirect=%2Ffr%2Fweb%2Fchildren%2Fchild-friendly-justice\" target=\"_blank\" rel=\"noreferrer noopener\">droit \u00e0 la participation<\/a> de l&rsquo;enfant<\/li>\n\n\n\n<li>les<a href=\"https:\/\/www.childrightsconnect.org\/wp-content\/uploads\/2021\/05\/les-droits-des-enfants-defenseurs-des-droits-humains.pdf\" target=\"_blank\" rel=\"noreferrer noopener\"> droits des enfants d\u00e9fenseurs des droits humains<\/a>, un guide d&rsquo;impl\u00e9mentation r\u00e9dig\u00e9 en 2020 par Child Rights Connect.<\/li>\n<\/ul>\n\n\n\n<p><strong>\u00c0 propos des enfants prot\u00e9g\u00e9s :<\/strong><\/p>\n\n\n\n<ul id=\"block-c4da3962-af88-40c1-ba40-554aa972de9b\" class=\"wp-block-list\">\n<li><a href=\"https:\/\/rm.coe.int\/CoERMPublicCommonSearchServices\/DisplayDCTMContent?documentId=090000168046ce3c\" target=\"_blank\" rel=\"noreferrer noopener\">\u00ab\u00a0Enfants et adolescents accueillis en protection de l&rsquo;enfance\u00a0\u00bb <\/a>de SOS village d&rsquo;enfants et le conseil de l&rsquo;Europe en 2010<\/li>\n\n\n\n<li><a href=\"https:\/\/efis.parisnanterre.fr\/copa75\/wp-content\/uploads\/2021\/04\/Plaquette-A4-enfant-institution-FRA.pdf.pdf\" target=\"_blank\" rel=\"noreferrer noopener\">\u00ab\u00a0garantir le respect des droits des enfants vivant en institution\u00a0\u00bb <\/a>une plaquette de 4 pages r\u00e9dig\u00e9es par le conseil de l&rsquo;Europe<\/li>\n\n\n\n<li><a href=\"https:\/\/defenseurdesdroits.fr\/fr\/rapports-annuels\/2015\/11\/rapport-annuel-2015-consacre-aux-droits-de-lenfant-handicap-et-protection\" target=\"_blank\" rel=\"noreferrer noopener\">\u00ab\u00a0handicap et protection de l&rsquo;enfance : des droits pour des enfants invisibles\u00a0\u00bb<\/a> le rapport annuel du d\u00e9fenseur des droits en 2015<\/li>\n\n\n\n<li><a href=\"https:\/\/cdn.paris.fr\/paris\/2020\/11\/19\/5033a28b32200114059447428edcb6e8.pdf\" target=\"_blank\" rel=\"noreferrer noopener\">\u00ab\u00a0charte parisienne des droits de l&rsquo;enfant\u00a0\u00bb <\/a>du 20 novembre 2020<\/li>\n<\/ul>\n","protected":false},"excerpt":{"rendered":"<p>\u00c0 propos des droits des enfants : \u00c0 propos des enfants prot\u00e9g\u00e9s :<\/p>\n","protected":false},"author":3,"featured_media":0,"parent":0,"menu_order":0,"comment_status":"closed","ping_status":"closed","template":"","meta":{"_kad_blocks_custom_css":"","_kad_blocks_head_custom_js":"","_kad_blocks_body_custom_js":"","_kad_blocks_footer_custom_js":"","_kad_post_transparent":"","_kad_post_title":"","_kad_post_layout":"","_kad_post_sidebar_id":"","_kad_post_content_style":"","_kad_post_vertical_padding":"","_kad_post_feature":"","_kad_post_feature_position":"","_kad_post_header":false,"_kad_post_footer":false,"_kad_post_classname":"","footnotes":"","_links_to":"","_links_to_target":""},"coauthors":[2],"class_list":["post-73","page","type-page","status-publish","hentry"],"taxonomy_info":[],"featured_image_src_large":false,"author_info":{"display_name":"admin","author_link":"https:\/\/efis.parisnanterre.fr\/copa75\/author\/scarella\/"},"comment_info":0,"_links":{"self":[{"href":"https:\/\/efis.parisnanterre.fr\/copa75\/wp-json\/wp\/v2\/pages\/73","targetHints":{"allow":["GET"]}}],"collection":[{"href":"https:\/\/efis.parisnanterre.fr\/copa75\/wp-json\/wp\/v2\/pages"}],"about":[{"href":"https:\/\/efis.parisnanterre.fr\/copa75\/wp-json\/wp\/v2\/types\/page"}],"author":[{"embeddable":true,"href":"https:\/\/efis.parisnanterre.fr\/copa75\/wp-json\/wp\/v2\/users\/3"}],"replies":[{"embeddable":true,"href":"https:\/\/efis.parisnanterre.fr\/copa75\/wp-json\/wp\/v2\/comments?post=73"}],"version-history":[{"count":2,"href":"https:\/\/efis.parisnanterre.fr\/copa75\/wp-json\/wp\/v2\/pages\/73\/revisions"}],"predecessor-version":[{"id":322,"href":"https:\/\/efis.parisnanterre.fr\/copa75\/wp-json\/wp\/v2\/pages\/73\/revisions\/322"}],"wp:attachment":[{"href":"https:\/\/efis.parisnanterre.fr\/copa75\/wp-json\/wp\/v2\/media?parent=73"}],"wp:term":[{"taxonomy":"author","embeddable":true,"href":"https:\/\/efis.parisnanterre.fr\/copa75\/wp-json\/wp\/v2\/coauthors?post=73"}],"curies":[{"name":"wp","href":"https:\/\/api.w.org\/{rel}","templated":true}]}}

<figure class="wp-block-image size-full"><img loading="lazy" decoding="async" width="971" height="617" src="https://efisaf.parisnanterre.fr/copa75/wp-content/uploads/sites/3/2021/11/image-droits-des-enfants.jpg" alt="" class="wp-image-55" srcset="https://efis.parisnanterre.fr/copa75/wp-content/uploads/sites/3/2021/11/image-droits-des-enfants.jpg 971w, https://efis.parisnanterre.fr/copa75/wp-content/uploads/sites/3/2021/11/image-droits-des-enfants-300x191.jpg 300w, https://efis.parisnanterre.fr/copa75/wp-content/uploads/sites/3/2021/11/image-droits-des-enfants-768x488.jpg 768w" sizes="auto, (max-width: 971px) 100vw, 971px" /><figcaption><span class="media-credit"> </span></figcaption></figure>



<p><strong>À propos des droits des enfants : </strong></p>



<ul class="wp-block-list">
<li><a href="https://efis.parisnanterre.fr/copa75/wp-content/uploads/2021/04/BrochureCR_Fr.pdf.pdf" target="_blank" rel="noreferrer noopener">« j&rsquo;ai droit, tu as droits, il/elle a droit &#8230; une introduction aux droits de l&rsquo;enfant »</a>, 6 pages illustrées à destination des enfants</li>



<li><a href="https://www.unicef.fr/sites/default/files/unicef-france-consultation-nationale-2018_.pdf" target="_blank" rel="noreferrer noopener">le point de vue des enfants sur leurs droits</a>, Unicef, 2018</li>



<li>le <a href="https://defenseurdesdroits.fr/fr/competences/missions-objectifs/defense-des-droits-de-lenfant" target="_blank" rel="noreferrer noopener">site internet du Défenseur des droits</a> français avec beaucoup de supports et notamment des vidéos</li>



<li>un <a href="https://www.coe.int/fr/web/children/child-friendly-materials" target="_blank" rel="noreferrer noopener">site internet du conseil de l&rsquo;Europe </a>qui regroupe des ressources au sujet des droits de l&rsquo;enfant</li>



<li><a href="https://efis.parisnanterre.fr/copa75/wp-content/uploads/2021/04/CoE_Child-friendly-Digital-Environment_FR_Leaflet.pdf" target="_blank" rel="noreferrer noopener">« connaître tes droits dans l&rsquo;environnement numérique »</a></li>



<li>le <a href="https://www.coe.int/fr/web/children/-/-listen-act-change-launch-of-a-new-council-of-europe-guide-on-children-s-participation?inheritRedirect=true&amp;redirect=%2Ffr%2Fweb%2Fchildren%2Fchild-friendly-justice" target="_blank" rel="noreferrer noopener">droit à la participation</a> de l&rsquo;enfant</li>



<li>les<a href="https://www.childrightsconnect.org/wp-content/uploads/2021/05/les-droits-des-enfants-defenseurs-des-droits-humains.pdf" target="_blank" rel="noreferrer noopener"> droits des enfants défenseurs des droits humains</a>, un guide d&rsquo;implémentation rédigé en 2020 par Child Rights Connect.</li>
</ul>



<p><strong>À propos des enfants protégés :</strong></p>



<ul id="block-c4da3962-af88-40c1-ba40-554aa972de9b" class="wp-block-list">
<li><a href="https://rm.coe.int/CoERMPublicCommonSearchServices/DisplayDCTMContent?documentId=090000168046ce3c" target="_blank" rel="noreferrer noopener">« Enfants et adolescents accueillis en protection de l&rsquo;enfance » </a>de SOS village d&rsquo;enfants et le conseil de l&rsquo;Europe en 2010</li>



<li><a href="https://efis.parisnanterre.fr/copa75/wp-content/uploads/2021/04/Plaquette-A4-enfant-institution-FRA.pdf.pdf" target="_blank" rel="noreferrer noopener">« garantir le respect des droits des enfants vivant en institution » </a>une plaquette de 4 pages rédigées par le conseil de l&rsquo;Europe</li>



<li><a href="https://defenseurdesdroits.fr/fr/rapports-annuels/2015/11/rapport-annuel-2015-consacre-aux-droits-de-lenfant-handicap-et-protection" target="_blank" rel="noreferrer noopener">« handicap et protection de l&rsquo;enfance : des droits pour des enfants invisibles »</a> le rapport annuel du défenseur des droits en 2015</li>



<li><a href="https://cdn.paris.fr/paris/2020/11/19/5033a28b32200114059447428edcb6e8.pdf" target="_blank" rel="noreferrer noopener">« charte parisienne des droits de l&rsquo;enfant » </a>du 20 novembre 2020</li>
</ul>

<p>À propos des droits des enfants : À propos des enfants protégés :</p>
