{"id":89,"date":"2021-11-25T13:06:50","date_gmt":"2021-11-25T12:06:50","guid":{"rendered":"https:\/\/efisaf.parisnanterre.fr\/epcp\/?page_id=89"},"modified":"2021-11-25T15:07:31","modified_gmt":"2021-11-25T14:07:31","slug":"revue-de-litterature-synthetique","status":"publish","type":"page","link":"https:\/\/efis.parisnanterre.fr\/epcp\/revue-de-litterature-synthetique\/","title":{"rendered":"Revue de litt\u00e9rature synth\u00e9tique"},"content":{"rendered":"\n<p>Enfance, jeunesse et \u00e9ducation familiale dans les Dom aujourd\u2019hui : processus \u00e9ducatifs intrafamiliaux et interventions socio-\u00e9ducatives. <\/p>\n\n\n\n<p><\/p>\n\n\n\n<p><\/p>\n\n\n\n<p><\/p>\n\n\n\n<p>Katarzyna Halasa, Gilles S\u00e9raphin, Virginie Avezou-Boutry. <em>Enfance, jeunesse et \u00e9ducation familiale dans les Dom aujourd&rsquo;hui : Processus \u00e9ducatifs intrafamiliaux et interventions socio-\u00e9ducatives REVUE DE LITTERATURE SYNTHETIQUE.<\/em> [Rapport de recherche] Universit\u00e9 Paris Nanterre; Centre de recherches Education et Formation. 2021.\u00a0<a href=\"https:\/\/hal.archives-ouvertes.fr\/hal-03442845\">https:\/\/hal.archives-ouvertes.fr\/hal-03442845<\/a><\/p>\n","protected":false},"excerpt":{"rendered":"<p>Enfance, jeunesse et \u00e9ducation familiale dans les Dom aujourd\u2019hui : processus \u00e9ducatifs intrafamiliaux et interventions socio-\u00e9ducatives. Katarzyna Halasa, Gilles S\u00e9raphin, Virginie Avezou-Boutry. Enfance, jeunesse et \u00e9ducation familiale dans les Dom aujourd&rsquo;hui : Processus \u00e9ducatifs intrafamiliaux et interventions socio-\u00e9ducatives REVUE DE LITTERATURE SYNTHETIQUE. [Rapport de recherche] Universit\u00e9 Paris Nanterre; Centre de recherches Education et Formation. 2021.\u00a0https:\/\/hal.archives-ouvertes.fr\/hal-03442845<\/p>\n","protected":false},"author":3,"featured_media":0,"parent":0,"menu_order":0,"comment_status":"closed","ping_status":"closed","template":"","meta":{"_kad_blocks_custom_css":"","_kad_blocks_head_custom_js":"","_kad_blocks_body_custom_js":"","_kad_blocks_footer_custom_js":"","_kad_post_transparent":"","_kad_post_title":"","_kad_post_layout":"","_kad_post_sidebar_id":"","_kad_post_content_style":"","_kad_post_vertical_padding":"","_kad_post_feature":"","_kad_post_feature_position":"","_kad_post_header":false,"_kad_post_footer":false,"_kad_post_classname":"","footnotes":"","_links_to":"","_links_to_target":""},"coauthors":[],"class_list":["post-89","page","type-page","status-publish","hentry"],"taxonomy_info":[],"featured_image_src_large":false,"author_info":{"display_name":"admin","author_link":"https:\/\/efis.parisnanterre.fr\/epcp\/author\/scarella\/"},"comment_info":0,"_links":{"self":[{"href":"https:\/\/efis.parisnanterre.fr\/epcp\/wp-json\/wp\/v2\/pages\/89","targetHints":{"allow":["GET"]}}],"collection":[{"href":"https:\/\/efis.parisnanterre.fr\/epcp\/wp-json\/wp\/v2\/pages"}],"about":[{"href":"https:\/\/efis.parisnanterre.fr\/epcp\/wp-json\/wp\/v2\/types\/page"}],"author":[{"embeddable":true,"href":"https:\/\/efis.parisnanterre.fr\/epcp\/wp-json\/wp\/v2\/users\/3"}],"replies":[{"embeddable":true,"href":"https:\/\/efis.parisnanterre.fr\/epcp\/wp-json\/wp\/v2\/comments?post=89"}],"version-history":[{"count":3,"href":"https:\/\/efis.parisnanterre.fr\/epcp\/wp-json\/wp\/v2\/pages\/89\/revisions"}],"predecessor-version":[{"id":98,"href":"https:\/\/efis.parisnanterre.fr\/epcp\/wp-json\/wp\/v2\/pages\/89\/revisions\/98"}],"wp:attachment":[{"href":"https:\/\/efis.parisnanterre.fr\/epcp\/wp-json\/wp\/v2\/media?parent=89"}],"wp:term":[{"taxonomy":"author","embeddable":true,"href":"https:\/\/efis.parisnanterre.fr\/epcp\/wp-json\/wp\/v2\/coauthors?post=89"}],"curies":[{"name":"wp","href":"https:\/\/api.w.org\/{rel}","templated":true}]}}