{"id":202,"date":"2022-07-25T15:10:16","date_gmt":"2022-07-25T13:10:16","guid":{"rendered":"https:\/\/efis.parisnanterre.fr\/lgbtqiap\/?page_id=202"},"modified":"2024-05-29T19:10:26","modified_gmt":"2024-05-29T17:10:26","slug":"marie-cecile-perdrizet","status":"publish","type":"page","link":"https:\/\/efis.parisnanterre.fr\/lgbtqiap\/marie-cecile-perdrizet\/","title":{"rendered":"Marie-C\u00e9cile Perdrizet"},"content":{"rendered":"\n<div class=\"wp-block-media-text alignwide is-stacked-on-mobile\"><figure class=\"wp-block-media-text__media\"><img loading=\"lazy\" decoding=\"async\" width=\"1024\" height=\"683\" src=\"https:\/\/efis.parisnanterre.fr\/lgbtqiap\/wp-content\/uploads\/sites\/5\/2022\/07\/pride-3475043_1920-1024x683.jpg\" alt=\"\" class=\"wp-image-153 size-full\" srcset=\"https:\/\/efis.parisnanterre.fr\/lgbtqiap\/wp-content\/uploads\/sites\/5\/2022\/07\/pride-3475043_1920-1024x683.jpg 1024w, https:\/\/efis.parisnanterre.fr\/lgbtqiap\/wp-content\/uploads\/sites\/5\/2022\/07\/pride-3475043_1920-300x200.jpg 300w, https:\/\/efis.parisnanterre.fr\/lgbtqiap\/wp-content\/uploads\/sites\/5\/2022\/07\/pride-3475043_1920-768x512.jpg 768w, https:\/\/efis.parisnanterre.fr\/lgbtqiap\/wp-content\/uploads\/sites\/5\/2022\/07\/pride-3475043_1920-1536x1024.jpg 1536w, https:\/\/efis.parisnanterre.fr\/lgbtqiap\/wp-content\/uploads\/sites\/5\/2022\/07\/pride-3475043_1920.jpg 1920w\" sizes=\"auto, (max-width: 1024px) 100vw, 1024px\" \/><\/figure><div class=\"wp-block-media-text__content\">\n<p>Educatrice sp\u00e9cialis\u00e9e de formation initiale, Marie-C\u00e9cile Perdrizet est aujourd&rsquo;hui cheffe de service en Mecs et en IME au sein d\u2019un Sessad \u00ab\u00a0TSA et troubles psychiques\u00a0\u00bb. Elle obtient\u00a0 le master Efise, ainsi qu\u2019un dipl\u00f4me d\u2019Etat en ing\u00e9nierie sociale (D\u00e9is) en 2021.\u00a0<\/p>\n\n\n\n<h3 class=\"wp-block-heading\"><strong>Th\u00e9matiques de recherche<\/strong><\/h3>\n\n\n\n<ul class=\"wp-block-list\">\n<li>R\u00e9flexion sur la cr\u00e9ativit\u00e9 dans les pratiques d\u2019accompagnement des personnes autistes<\/li>\n\n\n\n<li>D\u00e9veloppement de l\u2019empowerment des personnes accompagn\u00e9es<\/li>\n\n\n\n<li>Th\u00e9ories du care, question de l&rsquo;inclusion, processus de cr\u00e9ation<\/li>\n<\/ul>\n\n\n\n<p><strong>M\u00e9moire M2<\/strong> :&nbsp; R\u00e9flexions sur le d\u00e9veloppement de l\u2019empowerment dans le cadre des groupes d\u2019habilet\u00e9s sociales en Sessad autisme ;<\/p>\n\n\n\n<p><strong>M\u00e9moire D\u00e9is<\/strong> : Comment d\u00e9velopper l&#8217;empowerment des jeunes autistes et de leurs parents \u00e0 partir des groupes d\u2019habilet\u00e9s sociales en Sessad autisme.&nbsp;<\/p>\n\n\n\n<p><strong>Communication <\/strong>: Faisca, E., Perdrizet, M-C., et Rurka, A. (2021)&nbsp;<em>Comment soutenir efficacement les enfants et les jeunes LGBTQI+ en protection de l\u2019enfance ?&nbsp;<\/em>Communication orale lors du congr\u00e8s europ\u00e9en de la F\u00e9d\u00e9ration internationale des travailleurs sociaux (IFSW).<\/p>\n<\/div><\/div>\n\n\n\n<p><\/p>\n","protected":false},"excerpt":{"rendered":"","protected":false},"author":3,"featured_media":145,"parent":0,"menu_order":0,"comment_status":"closed","ping_status":"closed","template":"","meta":{"_kad_blocks_custom_css":"","_kad_blocks_head_custom_js":"","_kad_blocks_body_custom_js":"","_kad_blocks_footer_custom_js":"","_kad_post_transparent":"","_kad_post_title":"","_kad_post_layout":"","_kad_post_sidebar_id":"","_kad_post_content_style":"","_kad_post_vertical_padding":"","_kad_post_feature":"","_kad_post_feature_position":"","_kad_post_header":false,"_kad_post_footer":false,"_kad_post_classname":"","footnotes":"","_links_to":"","_links_to_target":""},"coauthors":[4],"class_list":["post-202","page","type-page","status-publish","has-post-thumbnail","hentry"],"taxonomy_info":[],"featured_image_src_large":["https:\/\/efis.parisnanterre.fr\/lgbtqiap\/wp-content\/uploads\/sites\/5\/2022\/07\/image0-768x1024.jpeg",768,1024,true],"author_info":{"display_name":"admin","author_link":"https:\/\/efis.parisnanterre.fr\/lgbtqiap\/author\/scarella\/"},"comment_info":0,"_links":{"self":[{"href":"https:\/\/efis.parisnanterre.fr\/lgbtqiap\/wp-json\/wp\/v2\/pages\/202","targetHints":{"allow":["GET"]}}],"collection":[{"href":"https:\/\/efis.parisnanterre.fr\/lgbtqiap\/wp-json\/wp\/v2\/pages"}],"about":[{"href":"https:\/\/efis.parisnanterre.fr\/lgbtqiap\/wp-json\/wp\/v2\/types\/page"}],"author":[{"embeddable":true,"href":"https:\/\/efis.parisnanterre.fr\/lgbtqiap\/wp-json\/wp\/v2\/users\/3"}],"replies":[{"embeddable":true,"href":"https:\/\/efis.parisnanterre.fr\/lgbtqiap\/wp-json\/wp\/v2\/comments?post=202"}],"version-history":[{"count":10,"href":"https:\/\/efis.parisnanterre.fr\/lgbtqiap\/wp-json\/wp\/v2\/pages\/202\/revisions"}],"predecessor-version":[{"id":280,"href":"https:\/\/efis.parisnanterre.fr\/lgbtqiap\/wp-json\/wp\/v2\/pages\/202\/revisions\/280"}],"wp:featuredmedia":[{"embeddable":true,"href":"https:\/\/efis.parisnanterre.fr\/lgbtqiap\/wp-json\/wp\/v2\/media\/145"}],"wp:attachment":[{"href":"https:\/\/efis.parisnanterre.fr\/lgbtqiap\/wp-json\/wp\/v2\/media?parent=202"}],"wp:term":[{"taxonomy":"author","embeddable":true,"href":"https:\/\/efis.parisnanterre.fr\/lgbtqiap\/wp-json\/wp\/v2\/coauthors?post=202"}],"curies":[{"name":"wp","href":"https:\/\/api.w.org\/{rel}","templated":true}]}}

Marie-Cécile Perdrizet

<div class="wp-block-media-text alignwide is-stacked-on-mobile"><figure class="wp-block-media-text__media"><img loading="lazy" decoding="async" width="1024" height="683" src="https://efis.parisnanterre.fr/lgbtqiap/wp-content/uploads/sites/5/2022/07/pride-3475043_1920-1024x683.jpg" alt="" class="wp-image-153 size-full" srcset="https://efis.parisnanterre.fr/lgbtqiap/wp-content/uploads/sites/5/2022/07/pride-3475043_1920-1024x683.jpg 1024w, https://efis.parisnanterre.fr/lgbtqiap/wp-content/uploads/sites/5/2022/07/pride-3475043_1920-300x200.jpg 300w, https://efis.parisnanterre.fr/lgbtqiap/wp-content/uploads/sites/5/2022/07/pride-3475043_1920-768x512.jpg 768w, https://efis.parisnanterre.fr/lgbtqiap/wp-content/uploads/sites/5/2022/07/pride-3475043_1920-1536x1024.jpg 1536w, https://efis.parisnanterre.fr/lgbtqiap/wp-content/uploads/sites/5/2022/07/pride-3475043_1920.jpg 1920w" sizes="auto, (max-width: 1024px) 100vw, 1024px" /></figure><div class="wp-block-media-text__content">
<p>Educatrice spécialisée de formation initiale, Marie-Cécile Perdrizet est aujourd&rsquo;hui cheffe de service en Mecs et en IME au sein d’un Sessad « TSA et troubles psychiques ». Elle obtient  le master Efise, ainsi qu’un diplôme d’Etat en ingénierie sociale (Déis) en 2021. </p>



<h3 class="wp-block-heading"><strong>Thématiques de recherche</strong></h3>



<ul class="wp-block-list">
<li>Réflexion sur la créativité dans les pratiques d’accompagnement des personnes autistes</li>



<li>Développement de l’empowerment des personnes accompagnées</li>



<li>Théories du care, question de l&rsquo;inclusion, processus de création</li>
</ul>



<p><strong>Mémoire M2</strong> :&nbsp; Réflexions sur le développement de l’empowerment dans le cadre des groupes d’habiletés sociales en Sessad autisme ;</p>



<p><strong>Mémoire Déis</strong> : Comment développer l&#8217;empowerment des jeunes autistes et de leurs parents à partir des groupes d’habiletés sociales en Sessad autisme.&nbsp;</p>



<p><strong>Communication </strong>: Faisca, E., Perdrizet, M-C., et Rurka, A. (2021)&nbsp;<em>Comment soutenir efficacement les enfants et les jeunes LGBTQI+ en protection de l’enfance ?&nbsp;</em>Communication orale lors du congrès européen de la Fédération internationale des travailleurs sociaux (IFSW).</p>
</div></div>



<p></p>
