{"id":252,"date":"2023-09-11T09:26:18","date_gmt":"2023-09-11T07:26:18","guid":{"rendered":"https:\/\/efis.parisnanterre.fr\/lgbtqiap\/?page_id=252"},"modified":"2023-09-11T12:58:28","modified_gmt":"2023-09-11T10:58:28","slug":"evenements","status":"publish","type":"page","link":"https:\/\/efis.parisnanterre.fr\/lgbtqiap\/evenements\/","title":{"rendered":"Ev\u00e8nements"},"content":{"rendered":"\n<h2 class=\"wp-block-heading\">Rouen<\/h2>\n\n\n\n<p><strong>En f\u00e9vrier 2023<\/strong>, l&rsquo;\u00e9quipe de projet s&rsquo;est rendue \u00e0 l&rsquo;IDEFHI (<a href=\"http:\/\/www.idefhi.fr\/l-idefhi\">Institut d\u00e9partemental de l\u2019enfance, de la famille et du handicap pour l\u2019insertion)<\/a>\u00a0pour \u00e9changer avec les professionnel.les sur les premi\u00e8res donn\u00e9es obtenues \u00e0 travers le questionnaire. Ces \u00e9changes fort passionnants ont permis d&rsquo;apporter des \u00e9clairages qualitatifs sur les pratiques professionnelles men\u00e9es en direction des et avec les jeunes qui s&rsquo;interrogent sur leur identit\u00e9 du genre et leur identit\u00e9 sexuelle au cours de l&rsquo;accompagnement en protection de l&rsquo;enfance. Merci aux professionnel.les pour leur accueil chaleureux et l&rsquo;int\u00e9r\u00eat exprim\u00e9 \u00e0 l&rsquo;\u00e9gard de cette recherche. <\/p>\n\n\n\n<h2 class=\"wp-block-heading\">Glasgow<\/h2>\n\n\n\n<p><strong>En juillet 2023<\/strong>, nous avons communiqu\u00e9 sur la visibilit\u00e9 et l&rsquo;invisibilit\u00e9 des besoins et des droits des jeunes LGBTQIA+ en protection de l&rsquo;enfance lors de la <a href=\"https:\/\/www.sexualityandsocialwork.com\/conference-2023\/\">5\u00e8me conf\u00e9rence sur la sexualit\u00e9 et le travail social,<\/a> organis\u00e9 \u00e0 l&rsquo;Universit\u00e9 de Strathclyde \u00e0 Glasgow, par <a href=\"https:\/\/www.sexualityandsocialwork.com\/about-us\/\">le r\u00e9seau <\/a>d&rsquo;universitaires en travail social, avec des praticiens, \u00e9tudiants, personnes concern\u00e9es et aidants qui se consacrent \u00e0 la sensibilisation et \u00e0 la diffusion des connaissances sur les meilleures pratiques, sur la recherche fond\u00e9e sur des donn\u00e9es probantes et sur les politiques concernant le genre et la sexualit\u00e9, l&rsquo;identit\u00e9 sexuelle et la sant\u00e9 sexuelle. <\/p>\n\n\n\n<p>C&rsquo;\u00e9tait un temps de rencontres inspirantes pour nous ! Vous pouvez consulter la pr\u00e9sentation sous forme de diaporama <strong><a href=\"https:\/\/drive.google.com\/file\/d\/151ezzp0nskVhZ4iGIBWUwys3YYrw6-7J\/view?usp=drive_link\" data-type=\"link\" data-id=\"https:\/\/drive.google.com\/file\/d\/151ezzp0nskVhZ4iGIBWUwys3YYrw6-7J\/view?usp=drive_link\">ici<\/a><\/strong><\/p>\n\n\n\n<figure class=\"wp-block-gallery has-nested-images columns-default is-cropped wp-block-gallery-1 is-layout-flex wp-block-gallery-is-layout-flex\">\n<figure class=\"wp-block-image size-large\"><img loading=\"lazy\" decoding=\"async\" width=\"1024\" height=\"696\" data-id=\"258\" src=\"https:\/\/efis.parisnanterre.fr\/lgbtqiap\/wp-content\/uploads\/sites\/5\/2023\/09\/1689669528951-1024x696.jpg\" alt=\"\" class=\"wp-image-258\" srcset=\"https:\/\/efis.parisnanterre.fr\/lgbtqiap\/wp-content\/uploads\/sites\/5\/2023\/09\/1689669528951-1024x696.jpg 1024w, https:\/\/efis.parisnanterre.fr\/lgbtqiap\/wp-content\/uploads\/sites\/5\/2023\/09\/1689669528951-300x204.jpg 300w, https:\/\/efis.parisnanterre.fr\/lgbtqiap\/wp-content\/uploads\/sites\/5\/2023\/09\/1689669528951-768x522.jpg 768w, https:\/\/efis.parisnanterre.fr\/lgbtqiap\/wp-content\/uploads\/sites\/5\/2023\/09\/1689669528951-1536x1044.jpg 1536w, https:\/\/efis.parisnanterre.fr\/lgbtqiap\/wp-content\/uploads\/sites\/5\/2023\/09\/1689669528951.jpg 1883w\" sizes=\"auto, (max-width: 1024px) 100vw, 1024px\" \/><figcaption><span class=\"media-credit\"><a href=\"https:\/\/efis.parisnanterre.fr\/lgbtqiap\/author\/anrurka\/\">Anna Rurka<\/a> | LGBTQIA+<\/span><\/figcaption><\/figure>\n\n\n\n<figure class=\"wp-block-image size-large\"><img loading=\"lazy\" decoding=\"async\" width=\"1024\" height=\"723\" data-id=\"259\" src=\"https:\/\/efis.parisnanterre.fr\/lgbtqiap\/wp-content\/uploads\/sites\/5\/2023\/09\/1689669528095-1024x723.jpg\" alt=\"\" class=\"wp-image-259\" srcset=\"https:\/\/efis.parisnanterre.fr\/lgbtqiap\/wp-content\/uploads\/sites\/5\/2023\/09\/1689669528095-1024x723.jpg 1024w, https:\/\/efis.parisnanterre.fr\/lgbtqiap\/wp-content\/uploads\/sites\/5\/2023\/09\/1689669528095-300x212.jpg 300w, https:\/\/efis.parisnanterre.fr\/lgbtqiap\/wp-content\/uploads\/sites\/5\/2023\/09\/1689669528095-768x542.jpg 768w, https:\/\/efis.parisnanterre.fr\/lgbtqiap\/wp-content\/uploads\/sites\/5\/2023\/09\/1689669528095-1536x1085.jpg 1536w, https:\/\/efis.parisnanterre.fr\/lgbtqiap\/wp-content\/uploads\/sites\/5\/2023\/09\/1689669528095.jpg 1600w\" sizes=\"auto, (max-width: 1024px) 100vw, 1024px\" \/><figcaption><span class=\"media-credit\"><a href=\"https:\/\/efis.parisnanterre.fr\/lgbtqiap\/author\/anrurka\/\">Anna Rurka<\/a> | LGBTQIA+<\/span><\/figcaption><\/figure>\n\n\n\n<figure class=\"wp-block-image size-large\"><img loading=\"lazy\" decoding=\"async\" width=\"769\" height=\"1024\" data-id=\"260\" src=\"https:\/\/efis.parisnanterre.fr\/lgbtqiap\/wp-content\/uploads\/sites\/5\/2023\/09\/1689700892694.jpg\" alt=\"\" class=\"wp-image-260\" srcset=\"https:\/\/efis.parisnanterre.fr\/lgbtqiap\/wp-content\/uploads\/sites\/5\/2023\/09\/1689700892694.jpg 769w, https:\/\/efis.parisnanterre.fr\/lgbtqiap\/wp-content\/uploads\/sites\/5\/2023\/09\/1689700892694-225x300.jpg 225w\" sizes=\"auto, (max-width: 769px) 100vw, 769px\" \/><figcaption><span class=\"media-credit\"><a href=\"https:\/\/efis.parisnanterre.fr\/lgbtqiap\/author\/anrurka\/\">Anna Rurka<\/a> | LGBTQIA+<\/span><\/figcaption><\/figure>\n<\/figure>\n\n\n\n<h2 class=\"wp-block-heading\">A venir en septembre 2023<\/h2>\n\n\n\n<ul class=\"wp-block-list\">\n<li>communication au congr\u00e8s de l&rsquo;Eusarf (<a href=\"https:\/\/eusarf.org\/#:~:text=About%20EuSARF%202023%20We%20are%20delighted%20to%20announce,the%20University%20of%20Sussex%20based%20in%20Brighton%2C%20England.\">THE EUROPEAN SCIENTIFIC ASSOCIATION ON RESIDENTIAL AND FAMILY CARE FOR CHILDREN AND ADOLESCENTS)<\/a><\/li>\n\n\n\n<li>Echanges avec les professionnel.les du SAFE 77 de l&rsquo;<a href=\"https:\/\/espoir-cfdj.fr\/\" data-type=\"link\" data-id=\"https:\/\/espoir-cfdj.fr\/\">Association CFDJ Espoir<\/a> autour des enfants LGBTQIA+ en protection de l\u2019enfance<\/li>\n<\/ul>\n","protected":false},"excerpt":{"rendered":"<p>Rouen En f\u00e9vrier 2023, l&rsquo;\u00e9quipe de projet s&rsquo;est rendue \u00e0 l&rsquo;IDEFHI (Institut d\u00e9partemental de l\u2019enfance, de la famille et du handicap pour l\u2019insertion)\u00a0pour \u00e9changer avec les professionnel.les sur les premi\u00e8res donn\u00e9es obtenues \u00e0 travers le questionnaire. Ces \u00e9changes fort passionnants ont permis d&rsquo;apporter des \u00e9clairages qualitatifs sur les pratiques professionnelles men\u00e9es en direction des et&#8230;<\/p>\n","protected":false},"author":11,"featured_media":253,"parent":0,"menu_order":0,"comment_status":"closed","ping_status":"closed","template":"","meta":{"_kad_blocks_custom_css":"","_kad_blocks_head_custom_js":"","_kad_blocks_body_custom_js":"","_kad_blocks_footer_custom_js":"","_kad_post_transparent":"","_kad_post_title":"","_kad_post_layout":"","_kad_post_sidebar_id":"","_kad_post_content_style":"","_kad_post_vertical_padding":"","_kad_post_feature":"","_kad_post_feature_position":"","_kad_post_header":false,"_kad_post_footer":false,"_kad_post_classname":"","footnotes":"","_links_to":"","_links_to_target":""},"coauthors":[3],"class_list":["post-252","page","type-page","status-publish","has-post-thumbnail","hentry"],"taxonomy_info":[],"featured_image_src_large":["https:\/\/efis.parisnanterre.fr\/lgbtqiap\/wp-content\/uploads\/sites\/5\/2023\/09\/post-it-notes-3233653_1280-1024x634.jpg",1024,634,true],"author_info":{"display_name":"Anna Rurka","author_link":"https:\/\/efis.parisnanterre.fr\/lgbtqiap\/author\/anrurka\/"},"comment_info":0,"_links":{"self":[{"href":"https:\/\/efis.parisnanterre.fr\/lgbtqiap\/wp-json\/wp\/v2\/pages\/252","targetHints":{"allow":["GET"]}}],"collection":[{"href":"https:\/\/efis.parisnanterre.fr\/lgbtqiap\/wp-json\/wp\/v2\/pages"}],"about":[{"href":"https:\/\/efis.parisnanterre.fr\/lgbtqiap\/wp-json\/wp\/v2\/types\/page"}],"author":[{"embeddable":true,"href":"https:\/\/efis.parisnanterre.fr\/lgbtqiap\/wp-json\/wp\/v2\/users\/11"}],"replies":[{"embeddable":true,"href":"https:\/\/efis.parisnanterre.fr\/lgbtqiap\/wp-json\/wp\/v2\/comments?post=252"}],"version-history":[{"count":10,"href":"https:\/\/efis.parisnanterre.fr\/lgbtqiap\/wp-json\/wp\/v2\/pages\/252\/revisions"}],"predecessor-version":[{"id":270,"href":"https:\/\/efis.parisnanterre.fr\/lgbtqiap\/wp-json\/wp\/v2\/pages\/252\/revisions\/270"}],"wp:featuredmedia":[{"embeddable":true,"href":"https:\/\/efis.parisnanterre.fr\/lgbtqiap\/wp-json\/wp\/v2\/media\/253"}],"wp:attachment":[{"href":"https:\/\/efis.parisnanterre.fr\/lgbtqiap\/wp-json\/wp\/v2\/media?parent=252"}],"wp:term":[{"taxonomy":"author","embeddable":true,"href":"https:\/\/efis.parisnanterre.fr\/lgbtqiap\/wp-json\/wp\/v2\/coauthors?post=252"}],"curies":[{"name":"wp","href":"https:\/\/api.w.org\/{rel}","templated":true}]}}

Evènements

<h2 class="wp-block-heading">Rouen</h2>



<p><strong>En février 2023</strong>, l&rsquo;équipe de projet s&rsquo;est rendue à l&rsquo;IDEFHI (<a href="http://www.idefhi.fr/l-idefhi">Institut départemental de l’enfance, de la famille et du handicap pour l’insertion)</a> pour échanger avec les professionnel.les sur les premières données obtenues à travers le questionnaire. Ces échanges fort passionnants ont permis d&rsquo;apporter des éclairages qualitatifs sur les pratiques professionnelles menées en direction des et avec les jeunes qui s&rsquo;interrogent sur leur identité du genre et leur identité sexuelle au cours de l&rsquo;accompagnement en protection de l&rsquo;enfance. Merci aux professionnel.les pour leur accueil chaleureux et l&rsquo;intérêt exprimé à l&rsquo;égard de cette recherche. </p>



<h2 class="wp-block-heading">Glasgow</h2>



<p><strong>En juillet 2023</strong>, nous avons communiqué sur la visibilité et l&rsquo;invisibilité des besoins et des droits des jeunes LGBTQIA+ en protection de l&rsquo;enfance lors de la <a href="https://www.sexualityandsocialwork.com/conference-2023/">5ème conférence sur la sexualité et le travail social,</a> organisé à l&rsquo;Université de Strathclyde à Glasgow, par <a href="https://www.sexualityandsocialwork.com/about-us/">le réseau </a>d&rsquo;universitaires en travail social, avec des praticiens, étudiants, personnes concernées et aidants qui se consacrent à la sensibilisation et à la diffusion des connaissances sur les meilleures pratiques, sur la recherche fondée sur des données probantes et sur les politiques concernant le genre et la sexualité, l&rsquo;identité sexuelle et la santé sexuelle. </p>



<p>C&rsquo;était un temps de rencontres inspirantes pour nous ! Vous pouvez consulter la présentation sous forme de diaporama <strong><a href="https://drive.google.com/file/d/151ezzp0nskVhZ4iGIBWUwys3YYrw6-7J/view?usp=drive_link" data-type="link" data-id="https://drive.google.com/file/d/151ezzp0nskVhZ4iGIBWUwys3YYrw6-7J/view?usp=drive_link">ici</a></strong></p>



<figure class="wp-block-gallery has-nested-images columns-default is-cropped wp-block-gallery-1 is-layout-flex wp-block-gallery-is-layout-flex">
<figure class="wp-block-image size-large"><img loading="lazy" decoding="async" width="1024" height="696" data-id="258" src="https://efis.parisnanterre.fr/lgbtqiap/wp-content/uploads/sites/5/2023/09/1689669528951-1024x696.jpg" alt="" class="wp-image-258" srcset="https://efis.parisnanterre.fr/lgbtqiap/wp-content/uploads/sites/5/2023/09/1689669528951-1024x696.jpg 1024w, https://efis.parisnanterre.fr/lgbtqiap/wp-content/uploads/sites/5/2023/09/1689669528951-300x204.jpg 300w, https://efis.parisnanterre.fr/lgbtqiap/wp-content/uploads/sites/5/2023/09/1689669528951-768x522.jpg 768w, https://efis.parisnanterre.fr/lgbtqiap/wp-content/uploads/sites/5/2023/09/1689669528951-1536x1044.jpg 1536w, https://efis.parisnanterre.fr/lgbtqiap/wp-content/uploads/sites/5/2023/09/1689669528951.jpg 1883w" sizes="auto, (max-width: 1024px) 100vw, 1024px" /><figcaption><span class="media-credit"><a href="https://efis.parisnanterre.fr/lgbtqiap/author/anrurka/">Anna Rurka</a> | LGBTQIA+</span></figcaption></figure>



<figure class="wp-block-image size-large"><img loading="lazy" decoding="async" width="1024" height="723" data-id="259" src="https://efis.parisnanterre.fr/lgbtqiap/wp-content/uploads/sites/5/2023/09/1689669528095-1024x723.jpg" alt="" class="wp-image-259" srcset="https://efis.parisnanterre.fr/lgbtqiap/wp-content/uploads/sites/5/2023/09/1689669528095-1024x723.jpg 1024w, https://efis.parisnanterre.fr/lgbtqiap/wp-content/uploads/sites/5/2023/09/1689669528095-300x212.jpg 300w, https://efis.parisnanterre.fr/lgbtqiap/wp-content/uploads/sites/5/2023/09/1689669528095-768x542.jpg 768w, https://efis.parisnanterre.fr/lgbtqiap/wp-content/uploads/sites/5/2023/09/1689669528095-1536x1085.jpg 1536w, https://efis.parisnanterre.fr/lgbtqiap/wp-content/uploads/sites/5/2023/09/1689669528095.jpg 1600w" sizes="auto, (max-width: 1024px) 100vw, 1024px" /><figcaption><span class="media-credit"><a href="https://efis.parisnanterre.fr/lgbtqiap/author/anrurka/">Anna Rurka</a> | LGBTQIA+</span></figcaption></figure>



<figure class="wp-block-image size-large"><img loading="lazy" decoding="async" width="769" height="1024" data-id="260" src="https://efis.parisnanterre.fr/lgbtqiap/wp-content/uploads/sites/5/2023/09/1689700892694.jpg" alt="" class="wp-image-260" srcset="https://efis.parisnanterre.fr/lgbtqiap/wp-content/uploads/sites/5/2023/09/1689700892694.jpg 769w, https://efis.parisnanterre.fr/lgbtqiap/wp-content/uploads/sites/5/2023/09/1689700892694-225x300.jpg 225w" sizes="auto, (max-width: 769px) 100vw, 769px" /><figcaption><span class="media-credit"><a href="https://efis.parisnanterre.fr/lgbtqiap/author/anrurka/">Anna Rurka</a> | LGBTQIA+</span></figcaption></figure>
</figure>



<h2 class="wp-block-heading">A venir en septembre 2023</h2>



<ul class="wp-block-list">
<li>communication au congrès de l&rsquo;Eusarf (<a href="https://eusarf.org/#:~:text=About%20EuSARF%202023%20We%20are%20delighted%20to%20announce,the%20University%20of%20Sussex%20based%20in%20Brighton%2C%20England.">THE EUROPEAN SCIENTIFIC ASSOCIATION ON RESIDENTIAL AND FAMILY CARE FOR CHILDREN AND ADOLESCENTS)</a></li>



<li>Echanges avec les professionnel.les du SAFE 77 de l&rsquo;<a href="https://espoir-cfdj.fr/" data-type="link" data-id="https://espoir-cfdj.fr/">Association CFDJ Espoir</a> autour des enfants LGBTQIA+ en protection de l’enfance</li>
</ul>

<p>Rouen En février 2023, l&rsquo;équipe de projet s&rsquo;est rendue à l&rsquo;IDEFHI (Institut départemental de l’enfance, de la famille et du handicap pour l’insertion) pour échanger avec les professionnel.les sur les premières données obtenues à travers le questionnaire. Ces échanges fort passionnants ont permis d&rsquo;apporter des éclairages qualitatifs sur les pratiques professionnelles menées en direction des et&#8230;</p>
