{"id":649,"date":"2025-02-18T18:07:26","date_gmt":"2025-02-18T17:07:26","guid":{"rendered":"https:\/\/efis.parisnanterre.fr\/mayorite\/?page_id=649"},"modified":"2025-02-19T11:18:35","modified_gmt":"2025-02-19T10:18:35","slug":"le-questionnaire","status":"publish","type":"page","link":"https:\/\/efis.parisnanterre.fr\/mayorite\/le-questionnaire\/","title":{"rendered":"Le questionnaire"},"content":{"rendered":"\n<p>La phase 1 de l&rsquo;enqu\u00eate \u00ab&nbsp;maYorit\u00e9&nbsp;\u00bb est maintenant cl\u00f4tur\u00e9e&nbsp;: un grand MERCI \u00e0 vous tou\u00b7tes pour votre participation !<\/p>\n\n\n<div class=\"wp-block-image\">\n<figure class=\"aligncenter size-large is-resized\"><img loading=\"lazy\" decoding=\"async\" width=\"1024\" height=\"732\" src=\"https:\/\/efis.parisnanterre.fr\/mayorite\/wp-content\/uploads\/sites\/10\/2025\/02\/Bravo-1024x732.png\" alt=\"\" class=\"wp-image-650\" style=\"width:420px;height:auto\" srcset=\"https:\/\/efis.parisnanterre.fr\/mayorite\/wp-content\/uploads\/sites\/10\/2025\/02\/Bravo-1024x732.png 1024w, https:\/\/efis.parisnanterre.fr\/mayorite\/wp-content\/uploads\/sites\/10\/2025\/02\/Bravo-300x214.png 300w, https:\/\/efis.parisnanterre.fr\/mayorite\/wp-content\/uploads\/sites\/10\/2025\/02\/Bravo-768x549.png 768w, https:\/\/efis.parisnanterre.fr\/mayorite\/wp-content\/uploads\/sites\/10\/2025\/02\/Bravo-1536x1098.png 1536w, https:\/\/efis.parisnanterre.fr\/mayorite\/wp-content\/uploads\/sites\/10\/2025\/02\/Bravo.png 1920w\" sizes=\"auto, (max-width: 1024px) 100vw, 1024px\" \/><\/figure>\n<\/div>\n\n\n<div class=\"wp-block-columns is-layout-flex wp-container-core-columns-is-layout-9d6595d7 wp-block-columns-is-layout-flex\">\n<div class=\"wp-block-column is-vertically-aligned-center is-layout-flow wp-block-column-is-layout-flow\" style=\"flex-basis:66.66%\">\n<p><strong>Place d\u00e9sormais \u00e0 la <mark style=\"background-color:var(--global-palette9)\" class=\"has-inline-color has-theme-palette-2-color\">phase 2<\/mark> de l&rsquo;enqu\u00eate\u00a0:<\/strong><\/p>\n\n\n\n<ul class=\"wp-block-list\">\n<li>si tu as aim\u00e9 le questionnaire de l&rsquo;enqu\u00eate maYorit\u00e9,<\/li>\n\n\n\n<li>si tu n&rsquo;a pas r\u00e9pondu au questionnaire mais que le projet t&rsquo;int\u00e9resse,<\/li>\n\n\n\n<li>bref, si tu as envie de parler de ton exp\u00e9rience de jeune \u00e0 Mayotte<\/li>\n<\/ul>\n\n\n\n<p class=\"has-text-align-right\">Clique sur le <strong><mark style=\"background-color:var(--global-palette9)\" class=\"has-inline-color has-theme-palette-1-color\">bonhomme <\/mark><\/strong>pour avoir toutes les informations :<\/p>\n<\/div>\n\n\n\n<div class=\"wp-block-column is-layout-flow wp-block-column-is-layout-flow\"><div class=\"wp-block-image\">\n<figure class=\"alignleft size-large is-resized\"><a href=\"https:\/\/efis.parisnanterre.fr\/mayorite\/conter-sa-mayorite\/\"><img loading=\"lazy\" decoding=\"async\" width=\"757\" height=\"1024\" src=\"https:\/\/efis.parisnanterre.fr\/mayorite\/wp-content\/uploads\/sites\/10\/2025\/02\/stickman-25576_1920-757x1024.png\" alt=\"\" class=\"wp-image-651\" style=\"width:163px;height:auto\" srcset=\"https:\/\/efis.parisnanterre.fr\/mayorite\/wp-content\/uploads\/sites\/10\/2025\/02\/stickman-25576_1920-757x1024.png 757w, https:\/\/efis.parisnanterre.fr\/mayorite\/wp-content\/uploads\/sites\/10\/2025\/02\/stickman-25576_1920-222x300.png 222w, https:\/\/efis.parisnanterre.fr\/mayorite\/wp-content\/uploads\/sites\/10\/2025\/02\/stickman-25576_1920-768x1039.png 768w, https:\/\/efis.parisnanterre.fr\/mayorite\/wp-content\/uploads\/sites\/10\/2025\/02\/stickman-25576_1920-1135x1536.png 1135w, https:\/\/efis.parisnanterre.fr\/mayorite\/wp-content\/uploads\/sites\/10\/2025\/02\/stickman-25576_1920.png 1419w\" sizes=\"auto, (max-width: 757px) 100vw, 757px\" \/><\/a><\/figure>\n<\/div><\/div>\n<\/div>\n\n\n\n<p><\/p>\n","protected":false},"excerpt":{"rendered":"<p>La phase 1 de l&rsquo;enqu\u00eate \u00ab&nbsp;maYorit\u00e9&nbsp;\u00bb est maintenant cl\u00f4tur\u00e9e&nbsp;: un grand MERCI \u00e0 vous tou\u00b7tes pour votre participation ! Place d\u00e9sormais \u00e0 la phase 2 de l&rsquo;enqu\u00eate\u00a0: Clique sur le bonhomme pour avoir toutes les informations :<\/p>\n","protected":false},"author":33,"featured_media":0,"parent":0,"menu_order":0,"comment_status":"closed","ping_status":"closed","template":"","meta":{"_kad_blocks_custom_css":"","_kad_blocks_head_custom_js":"","_kad_blocks_body_custom_js":"","_kad_blocks_footer_custom_js":"","_kadence_starter_templates_imported_post":false,"_kad_post_transparent":"","_kad_post_title":"","_kad_post_layout":"","_kad_post_sidebar_id":"","_kad_post_content_style":"","_kad_post_vertical_padding":"","_kad_post_feature":"","_kad_post_feature_position":"","_kad_post_header":false,"_kad_post_footer":false,"_kad_post_classname":"","footnotes":"","_links_to":"","_links_to_target":""},"coauthors":[3],"class_list":["post-649","page","type-page","status-publish","hentry"],"taxonomy_info":[],"featured_image_src_large":false,"author_info":{"display_name":"Tanguy Mathon-C\u00e9cillon","author_link":"https:\/\/efis.parisnanterre.fr\/mayorite\/author\/tanguy\/"},"comment_info":0,"_links":{"self":[{"href":"https:\/\/efis.parisnanterre.fr\/mayorite\/wp-json\/wp\/v2\/pages\/649","targetHints":{"allow":["GET"]}}],"collection":[{"href":"https:\/\/efis.parisnanterre.fr\/mayorite\/wp-json\/wp\/v2\/pages"}],"about":[{"href":"https:\/\/efis.parisnanterre.fr\/mayorite\/wp-json\/wp\/v2\/types\/page"}],"author":[{"embeddable":true,"href":"https:\/\/efis.parisnanterre.fr\/mayorite\/wp-json\/wp\/v2\/users\/33"}],"replies":[{"embeddable":true,"href":"https:\/\/efis.parisnanterre.fr\/mayorite\/wp-json\/wp\/v2\/comments?post=649"}],"version-history":[{"count":4,"href":"https:\/\/efis.parisnanterre.fr\/mayorite\/wp-json\/wp\/v2\/pages\/649\/revisions"}],"predecessor-version":[{"id":683,"href":"https:\/\/efis.parisnanterre.fr\/mayorite\/wp-json\/wp\/v2\/pages\/649\/revisions\/683"}],"wp:attachment":[{"href":"https:\/\/efis.parisnanterre.fr\/mayorite\/wp-json\/wp\/v2\/media?parent=649"}],"wp:term":[{"taxonomy":"author","embeddable":true,"href":"https:\/\/efis.parisnanterre.fr\/mayorite\/wp-json\/wp\/v2\/coauthors?post=649"}],"curies":[{"name":"wp","href":"https:\/\/api.w.org\/{rel}","templated":true}]}}

<p>La phase 1 de l&rsquo;enquête «&nbsp;maYorité&nbsp;» est maintenant clôturée&nbsp;: un grand MERCI à vous tou·tes pour votre participation !</p>


<div class="wp-block-image">
<figure class="aligncenter size-large is-resized"><img loading="lazy" decoding="async" width="1024" height="732" src="https://efis.parisnanterre.fr/mayorite/wp-content/uploads/sites/10/2025/02/Bravo-1024x732.png" alt="" class="wp-image-650" style="width:420px;height:auto" srcset="https://efis.parisnanterre.fr/mayorite/wp-content/uploads/sites/10/2025/02/Bravo-1024x732.png 1024w, https://efis.parisnanterre.fr/mayorite/wp-content/uploads/sites/10/2025/02/Bravo-300x214.png 300w, https://efis.parisnanterre.fr/mayorite/wp-content/uploads/sites/10/2025/02/Bravo-768x549.png 768w, https://efis.parisnanterre.fr/mayorite/wp-content/uploads/sites/10/2025/02/Bravo-1536x1098.png 1536w, https://efis.parisnanterre.fr/mayorite/wp-content/uploads/sites/10/2025/02/Bravo.png 1920w" sizes="auto, (max-width: 1024px) 100vw, 1024px" /></figure>
</div>


<div class="wp-block-columns is-layout-flex wp-container-core-columns-is-layout-9d6595d7 wp-block-columns-is-layout-flex">
<div class="wp-block-column is-vertically-aligned-center is-layout-flow wp-block-column-is-layout-flow" style="flex-basis:66.66%">
<p><strong>Place désormais à la <mark style="background-color:var(--global-palette9)" class="has-inline-color has-theme-palette-2-color">phase 2</mark> de l&rsquo;enquête :</strong></p>



<ul class="wp-block-list">
<li>si tu as aimé le questionnaire de l&rsquo;enquête maYorité,</li>



<li>si tu n&rsquo;a pas répondu au questionnaire mais que le projet t&rsquo;intéresse,</li>



<li>bref, si tu as envie de parler de ton expérience de jeune à Mayotte</li>
</ul>



<p class="has-text-align-right">Clique sur le <strong><mark style="background-color:var(--global-palette9)" class="has-inline-color has-theme-palette-1-color">bonhomme </mark></strong>pour avoir toutes les informations :</p>
</div>



<div class="wp-block-column is-layout-flow wp-block-column-is-layout-flow"><div class="wp-block-image">
<figure class="alignleft size-large is-resized"><a href="https://efis.parisnanterre.fr/mayorite/conter-sa-mayorite/"><img loading="lazy" decoding="async" width="757" height="1024" src="https://efis.parisnanterre.fr/mayorite/wp-content/uploads/sites/10/2025/02/stickman-25576_1920-757x1024.png" alt="" class="wp-image-651" style="width:163px;height:auto" srcset="https://efis.parisnanterre.fr/mayorite/wp-content/uploads/sites/10/2025/02/stickman-25576_1920-757x1024.png 757w, https://efis.parisnanterre.fr/mayorite/wp-content/uploads/sites/10/2025/02/stickman-25576_1920-222x300.png 222w, https://efis.parisnanterre.fr/mayorite/wp-content/uploads/sites/10/2025/02/stickman-25576_1920-768x1039.png 768w, https://efis.parisnanterre.fr/mayorite/wp-content/uploads/sites/10/2025/02/stickman-25576_1920-1135x1536.png 1135w, https://efis.parisnanterre.fr/mayorite/wp-content/uploads/sites/10/2025/02/stickman-25576_1920.png 1419w" sizes="auto, (max-width: 757px) 100vw, 757px" /></a></figure>
</div></div>
</div>



<p></p>

<p>La phase 1 de l&rsquo;enquête «&nbsp;maYorité&nbsp;» est maintenant clôturée&nbsp;: un grand MERCI à vous tou·tes pour votre participation ! Place désormais à la phase 2 de l&rsquo;enquête : Clique sur le bonhomme pour avoir toutes les informations :</p>

Tanguy Mathon-Cécillon
