{"id":119,"date":"2022-06-16T09:29:33","date_gmt":"2022-06-16T07:29:33","guid":{"rendered":"https:\/\/efis.parisnanterre.fr\/nsm\/?page_id=119"},"modified":"2025-09-21T18:57:32","modified_gmt":"2025-09-21T16:57:32","slug":"articles","status":"publish","type":"page","link":"https:\/\/efis.parisnanterre.fr\/nsm\/articles\/","title":{"rendered":"Bibliographie"},"content":{"rendered":"\n<p>ARMAGNAGUE-ROUCHER Maitena, 2018,&nbsp;\u226a&nbsp;Enfants et jeunes migrants \u00e0 l\u2019\u00e9cole de la R\u00e9publique : une scolarit\u00e9 sous tension&nbsp;\u226b,&nbsp;<em>Revue europ\u00e9enne des migrations internationales,&nbsp;<\/em>34 (4), http:\/\/journals.openedition.org\/remi\/11672<\/p>\n\n\n\n<p>GROS Daniel, 2019,&nbsp;\u226a&nbsp;Prives d\u2019\u00e9cole&nbsp;\u226b,&nbsp;<em>Plein droit,&nbsp;<\/em>120 (1) : 28-31.<\/p>\n\n\n\n<p>MARIE Claude-Valentin, BRETON Didier Breton, CROUZET Maude, 2018, \u00ab\u00a0Mayotte\u202f: plus d\u2019un adulte sur deux n\u2019est pas n\u00e9 sur l\u2019\u00eele\u00a0\u00bb, <em>Population &amp; Soci\u00e9t\u00e9s<\/em>, 560 (10).<\/p>\n\n\n\n<p>MATHON-CECILLON Tanguy, SERAPHIN Gilles, 2023,\u00a0<em>Rapport final \u00e9tude \u00ab non-scolarisation et d\u00e9scolarisation \u00e0 Mayotte : d\u00e9nombrer et comprendre \u00bb<\/em>, Universit\u00e9 de Paris Nanterre, Centre de recherches \u00c9ducation et Formation (Cref), \u00c9quipe \u00c9ducation familiale et interventions sociales aupr\u00e8s des familles (Efis), 62 pages.<\/p>\n\n\n\n<p>MATHON-CECILLON Tanguy, SERAPHIN Gilles, BRETON Didier, 2024,&nbsp;\u226a&nbsp;\u00catre jeune originaire des Comores et vivre \u00e0 Mayotte : une double insularit\u00e9&nbsp;\u226b,&nbsp;<em>Espace populations soci\u00e9t\u00e9s,&nbsp;<\/em>n\u00b02-3, http:\/\/journals.openedition.org\/eps\/15744<\/p>\n\n\n\n<p>MORANO Alison, 2022,\u00a0\u226a\u00a0Les mineurs non-scolarises de Mayotte : processus d\u2019exclusions et rapports d\u2019alt\u00e9rit\u00e9\u00a0\u226b, <em>Cahiers d\u2019\u00e9tudes africaines<\/em>, n\u00b0247, p.461-485.<\/p>\n\n\n\n<p>MORANO Alison, 2022,&nbsp;\u226a&nbsp;Pourquoi les adolescents parlent a l\u2019ethnologue ? Les ressources m\u00e9thodologiques de l\u2019engagement&nbsp;\u226b,&nbsp;<em>ethnographiques.org,&nbsp;<\/em>n\u00b043,&nbsp;<a href=\"https:\/\/www.ethnographiques.org\/2022\/Morano\">https:\/\/www.ethnographiques.org\/2022\/Morano<\/a><\/p>\n\n\n\n<p>MORANO Alison, 2022,&nbsp;\u226a&nbsp;La figure des \u2018enfants du juge\u2019 ou le conflit des normes \u00e9ducatives \u00e0 Mayotte&nbsp;\u226b,&nbsp;<em>Journal des Africanistes<\/em>, n\u00b092 (1), p.102-125.<\/p>\n\n\n\n<p>MORANO Alison, 2023,&nbsp;\u226a&nbsp;De l\u2019\u00e9cole coranique a l\u2019\u00e9cole de la R\u00e9publique, enjeux d\u2019une cohabitation a Mayotte&nbsp;\u226b,&nbsp;<em>Revue des mondes musulmans et de la M\u00e9diterran\u00e9e<\/em>, n\u00b0154, p.125-144.<\/p>\n\n\n\n<p>ROINSARD Nicolas, 2019, \u00ab\u00a0Une jeunesse en ins\u00e9curit\u00e9\u00a0\u00bb, <em>Plein droit<\/em> n\u00b0 120 (1): 32\u201135.<\/p>\n\n\n\n<p>SERAPHIN Gilles, MATHON-CECILLON Tanguy,&nbsp;\u226a&nbsp;Pourquoi tant d\u2019enfants non scolarises \u00e0 Mayotte ?&nbsp;\u226b,&nbsp;<em>The Conversation,&nbsp;<\/em>5 d\u00e9cembre 2023. https:\/\/theconversation.com\/pourquoi-tant-denfants-non-scolarises-a-mayotte &#8211; 218748<\/p>\n\n\n\n<p>SERAPHIN Gilles, SERMETH Jim, MATHON-CECILLON Tanguy, MORANO Alison, 2025, \u201cApr\u00e8s le cyclone Chido, offrir une scolarit\u00e9 d\u00e9cente aux \u00e9l\u00e8ves de Mayotte&nbsp;\u226b, The Conversation, 15 janvier 2025, https:\/\/theconversation.com\/apres-le-cyclone-chido-offrir-une-scolarite-decente-aux-eleves-de-mayotte-247048<\/p>\n","protected":false},"excerpt":{"rendered":"<p>ARMAGNAGUE-ROUCHER Maitena, 2018,&nbsp;\u226a&nbsp;Enfants et jeunes migrants \u00e0 l\u2019\u00e9cole de la R\u00e9publique : une scolarit\u00e9 sous tension&nbsp;\u226b,&nbsp;Revue europ\u00e9enne des migrations internationales,&nbsp;34 (4), http:\/\/journals.openedition.org\/remi\/11672 GROS Daniel, 2019,&nbsp;\u226a&nbsp;Prives d\u2019\u00e9cole&nbsp;\u226b,&nbsp;Plein droit,&nbsp;120 (1) : 28-31. MARIE Claude-Valentin, BRETON Didier Breton, CROUZET Maude, 2018, \u00ab\u00a0Mayotte\u202f: plus d\u2019un adulte sur deux n\u2019est pas n\u00e9 sur l\u2019\u00eele\u00a0\u00bb, Population &amp; Soci\u00e9t\u00e9s, 560 (10). MATHON-CECILLON&#8230;<\/p>\n","protected":false},"author":31,"featured_media":0,"parent":0,"menu_order":0,"comment_status":"closed","ping_status":"closed","template":"","meta":{"_kad_blocks_custom_css":"","_kad_blocks_head_custom_js":"","_kad_blocks_body_custom_js":"","_kad_blocks_footer_custom_js":"","_kad_post_transparent":"","_kad_post_title":"","_kad_post_layout":"","_kad_post_sidebar_id":"","_kad_post_content_style":"","_kad_post_vertical_padding":"","_kad_post_feature":"","_kad_post_feature_position":"","_kad_post_header":false,"_kad_post_footer":false,"_kad_post_classname":"","footnotes":"","_links_to":"","_links_to_target":""},"coauthors":[],"class_list":["post-119","page","type-page","status-publish","hentry"],"taxonomy_info":[],"featured_image_src_large":false,"author_info":{"display_name":"","author_link":"https:\/\/efis.parisnanterre.fr\/nsm\/author\/"},"comment_info":0,"_links":{"self":[{"href":"https:\/\/efis.parisnanterre.fr\/nsm\/wp-json\/wp\/v2\/pages\/119","targetHints":{"allow":["GET"]}}],"collection":[{"href":"https:\/\/efis.parisnanterre.fr\/nsm\/wp-json\/wp\/v2\/pages"}],"about":[{"href":"https:\/\/efis.parisnanterre.fr\/nsm\/wp-json\/wp\/v2\/types\/page"}],"author":[{"embeddable":true,"href":"https:\/\/efis.parisnanterre.fr\/nsm\/wp-json\/wp\/v2\/users\/31"}],"replies":[{"embeddable":true,"href":"https:\/\/efis.parisnanterre.fr\/nsm\/wp-json\/wp\/v2\/comments?post=119"}],"version-history":[{"count":6,"href":"https:\/\/efis.parisnanterre.fr\/nsm\/wp-json\/wp\/v2\/pages\/119\/revisions"}],"predecessor-version":[{"id":274,"href":"https:\/\/efis.parisnanterre.fr\/nsm\/wp-json\/wp\/v2\/pages\/119\/revisions\/274"}],"wp:attachment":[{"href":"https:\/\/efis.parisnanterre.fr\/nsm\/wp-json\/wp\/v2\/media?parent=119"}],"wp:term":[{"taxonomy":"author","embeddable":true,"href":"https:\/\/efis.parisnanterre.fr\/nsm\/wp-json\/wp\/v2\/coauthors?post=119"}],"curies":[{"name":"wp","href":"https:\/\/api.w.org\/{rel}","templated":true}]}}

<p>ARMAGNAGUE-ROUCHER Maitena, 2018,&nbsp;≪&nbsp;Enfants et jeunes migrants à l’école de la République : une scolarité sous tension&nbsp;≫,&nbsp;<em>Revue européenne des migrations internationales,&nbsp;</em>34 (4), http://journals.openedition.org/remi/11672</p>



<p>GROS Daniel, 2019,&nbsp;≪&nbsp;Prives d’école&nbsp;≫,&nbsp;<em>Plein droit,&nbsp;</em>120 (1) : 28-31.</p>



<p>MARIE Claude-Valentin, BRETON Didier Breton, CROUZET Maude, 2018, « Mayotte : plus d’un adulte sur deux n’est pas né sur l’île », <em>Population &amp; Sociétés</em>, 560 (10).</p>



<p>MATHON-CECILLON Tanguy, SERAPHIN Gilles, 2023, <em>Rapport final étude « non-scolarisation et déscolarisation à Mayotte : dénombrer et comprendre »</em>, Université de Paris Nanterre, Centre de recherches Éducation et Formation (Cref), Équipe Éducation familiale et interventions sociales auprès des familles (Efis), 62 pages.</p>



<p>MATHON-CECILLON Tanguy, SERAPHIN Gilles, BRETON Didier, 2024,&nbsp;≪&nbsp;Être jeune originaire des Comores et vivre à Mayotte : une double insularité&nbsp;≫,&nbsp;<em>Espace populations sociétés,&nbsp;</em>n°2-3, http://journals.openedition.org/eps/15744</p>



<p>MORANO Alison, 2022, ≪ Les mineurs non-scolarises de Mayotte : processus d’exclusions et rapports d’altérité ≫, <em>Cahiers d’études africaines</em>, n°247, p.461-485.</p>



<p>MORANO Alison, 2022,&nbsp;≪&nbsp;Pourquoi les adolescents parlent a l’ethnologue ? Les ressources méthodologiques de l’engagement&nbsp;≫,&nbsp;<em>ethnographiques.org,&nbsp;</em>n°43,&nbsp;<a href="https://www.ethnographiques.org/2022/Morano">https://www.ethnographiques.org/2022/Morano</a></p>



<p>MORANO Alison, 2022,&nbsp;≪&nbsp;La figure des ‘enfants du juge’ ou le conflit des normes éducatives à Mayotte&nbsp;≫,&nbsp;<em>Journal des Africanistes</em>, n°92 (1), p.102-125.</p>



<p>MORANO Alison, 2023,&nbsp;≪&nbsp;De l’école coranique a l’école de la République, enjeux d’une cohabitation a Mayotte&nbsp;≫,&nbsp;<em>Revue des mondes musulmans et de la Méditerranée</em>, n°154, p.125-144.</p>



<p>ROINSARD Nicolas, 2019, « Une jeunesse en insécurité », <em>Plein droit</em> n° 120 (1): 32‑35.</p>



<p>SERAPHIN Gilles, MATHON-CECILLON Tanguy,&nbsp;≪&nbsp;Pourquoi tant d’enfants non scolarises à Mayotte ?&nbsp;≫,&nbsp;<em>The Conversation,&nbsp;</em>5 décembre 2023. https://theconversation.com/pourquoi-tant-denfants-non-scolarises-a-mayotte &#8211; 218748</p>



<p>SERAPHIN Gilles, SERMETH Jim, MATHON-CECILLON Tanguy, MORANO Alison, 2025, “Après le cyclone Chido, offrir une scolarité décente aux élèves de Mayotte&nbsp;≫, The Conversation, 15 janvier 2025, https://theconversation.com/apres-le-cyclone-chido-offrir-une-scolarite-decente-aux-eleves-de-mayotte-247048</p>

<p>ARMAGNAGUE-ROUCHER Maitena, 2018,&nbsp;≪&nbsp;Enfants et jeunes migrants à l’école de la République : une scolarité sous tension&nbsp;≫,&nbsp;Revue européenne des migrations internationales,&nbsp;34 (4), http://journals.openedition.org/remi/11672 GROS Daniel, 2019,&nbsp;≪&nbsp;Prives d’école&nbsp;≫,&nbsp;Plein droit,&nbsp;120 (1) : 28-31. MARIE Claude-Valentin, BRETON Didier Breton, CROUZET Maude, 2018, « Mayotte : plus d’un adulte sur deux n’est pas né sur l’île », Population &amp; Sociétés, 560 (10). MATHON-CECILLON&#8230;</p>
