{"id":210,"date":"2023-04-06T09:58:00","date_gmt":"2023-04-06T07:58:00","guid":{"rendered":"https:\/\/efis.parisnanterre.fr\/nsm\/?page_id=210"},"modified":"2026-03-12T17:01:34","modified_gmt":"2026-03-12T16:01:34","slug":"rapport-final","status":"publish","type":"page","link":"https:\/\/efis.parisnanterre.fr\/nsm\/rapport-final\/","title":{"rendered":"Rapports et publications"},"content":{"rendered":"\n<h2 class=\"wp-block-heading\"><strong>Rapports finaux sur Hal :<\/strong><\/h2>\n\n\n\n<p>MATHON-CECILLON Tanguy, MORANO Alison, SERMETH Jim, S\u00c9RAPHIN Gilles, O<em>bservatoire de la non-scolarisation \u00e0 Mayotte &#8211; Point infos n\u00b0 1 &#8211; Les enfants en \u00e2ge d\u2019\u00eatre scolaris\u00e9s (3-15 ans r\u00e9volus) et qui ne le sont pas : r\u00e9sultats de la m\u00e9thode \u00ab par soustraction \u00bb<\/em>, CREF-UPN, 2026.\u00a0<a href=\"https:\/\/hal.science\/view\/index\/docid\/5494170\" target=\"_blank\" rel=\"noreferrer noopener\">\u27e8hal-05494170\u27e9<\/a> <a href=\"https:\/\/hal.science\/view\/index\/docid\/5494170\"> https:\/\/hal.science\/view\/index\/docid\/5494170 <\/a><\/p>\n\n\n\n<p>MATHON-CECILLON Tanguy, S\u00c9RAPHIN Gilles, <em>Non-scolarisation et d\u00e9scolarisation \u00e0 Mayotte : d\u00e9nombrer et comprendre.<\/em> Universit\u00e9 Paris Nanterre \/ Cref \/ Efis. 2023.&nbsp;<a href=\"https:\/\/hal.science\/hal-04183646v1\" target=\"_blank\" rel=\"noreferrer noopener\">\u27e8hal-04183646\u27e9<\/a><\/p>\n\n\n\n<h2 class=\"wp-block-heading\">Publication et communication<\/h2>\n\n\n\n<p>MATHON-C\u00c9CILLON Tanguy, MORANO Alison, SERMETH Jim, S\u00c9RAPHIN Gilles, \u00ab&nbsp;Apr\u00e8s le cyclone Chido, offrir une scolarit\u00e9 d\u00e9cente aux \u00e9l\u00e8ves de Mayotte&nbsp;\u00bb, <em>The Conversation<\/em>, 15 janvier 2025. <a href=\"https:\/\/theconversation.com\/apres-le-cyclone-chido-offrir-une-scolarite-decente-aux-eleves-de-mayotte-247048\">https:\/\/theconversation.com\/apres-le-cyclone-chido-offrir-une-scolarite-decente-aux-eleves-de-mayotte-247048<\/a><\/p>\n\n\n\n<p>MATHON-C\u00c9CILLON Tanguy, BRETON Didier, S\u00c9RAPHIN Gilles, \u00ab&nbsp;Le d\u00e9nombrement des enfants non-scolaris\u00e9s \u00e0 Mayotte sous le prisme de la migration&nbsp;\u00bb, XXIIe colloque international de l\u2019Association internationale des d\u00e9mographes de langue fran\u00e7aise (Aidelf)&nbsp;: <em>D\u00e9mographie et mobilit\u00e9s<\/em>, Aveiro (Portugal), 30 ao\u00fbt 2024.<\/p>\n\n\n\n<p>S\u00c9RAPHIN Gilles, MATHON-C\u00c9CILLON Tanguy, \u00ab&nbsp;Pourquoi tant d\u2019enfants non scolaris\u00e9s \u00e0&nbsp;Mayotte&nbsp;?&nbsp;\u00bb, <em>The Conversation<\/em>, 5 d\u00e9cembre 2023. <a href=\"https:\/\/theconversation.com\/pourquoi-tant-denfants-non-scolarises-a-mayotte-218748\">https:\/\/theconversation.com\/pourquoi-tant-denfants-non-scolarises-a-mayotte-218748<\/a><\/p>\n\n\n\n<p>MATHON-C\u00c9CILLON Tanguy, S\u00c9RAPHIN Gilles, <em>Non-scolarisation et d\u00e9scolarisation \u00e0 Mayotte\u202f: D\u00e9nombrer et comprendre<\/em>. <em>Pr\u00e9sentation des r\u00e9sultats de l&rsquo;\u00e9tude<\/em>, Colloque de cl\u00f4ture de la 6e campagne multi-acteurs de sensibilisation aux Droits de l\u2019enfant \u00e0 Mayotte, Collectif Cide, CUFR de Demb\u00e9ni (Mayotte), 24 novembre 2023.<\/p>\n\n\n\n<p>MATHON-C\u00c9CILLON Tanguy, S\u00c9RAPHIN Gilles, \u00ab&nbsp;Non-scolarisation et d\u00e9scolarisation \u00e0 Mayotte\u202f: D\u00e9nombrer et comprendre&nbsp;\u00bb, colloque organis\u00e9 par l\u2019association Mlezi Maore (Groupe SOS Jeunesse) : <em>Les jeunes en errance de Mayotte, du constat aux pistes d\u2019inclusions innovantes<\/em>, Mamoudzou (Mayotte), 27 juin 2022.<\/p>\n\n\n\n<div data-wp-interactive=\"core\/file\" class=\"wp-block-file\"><object data-wp-bind--hidden=\"!state.hasPdfPreview\" hidden class=\"wp-block-file__embed\" data=\"https:\/\/efis.parisnanterre.fr\/nsm\/wp-content\/uploads\/sites\/6\/2026\/02\/Observatoire-de-la-non-scolarisation-a-Mayotte_Point_Info_n\u00b01.pdf\" type=\"application\/pdf\" style=\"width:100%;height:600px\" aria-label=\"Contenu embarqu\u00e9 Observatoire de la non-scolarisation \u00e0 Mayotte_Point_Info_n\u00b01.\"><\/object><a id=\"wp-block-file--media-f12000b7-4daf-4798-a333-c8e5c08a974a\" href=\"https:\/\/efis.parisnanterre.fr\/nsm\/wp-content\/uploads\/sites\/6\/2026\/02\/Observatoire-de-la-non-scolarisation-a-Mayotte_Point_Info_n\u00b01.pdf\">Observatoire de la non-scolarisation \u00e0 Mayotte_Point_Info_n\u00b01<\/a><a href=\"https:\/\/efis.parisnanterre.fr\/nsm\/wp-content\/uploads\/sites\/6\/2026\/02\/Observatoire-de-la-non-scolarisation-a-Mayotte_Point_Info_n\u00b01.pdf\" class=\"wp-block-file__button wp-element-button\" download aria-describedby=\"wp-block-file--media-f12000b7-4daf-4798-a333-c8e5c08a974a\">T\u00e9l\u00e9charger<\/a><\/div>\n","protected":false},"excerpt":{"rendered":"<p>Rapports finaux sur Hal : MATHON-CECILLON Tanguy, MORANO Alison, SERMETH Jim, S\u00c9RAPHIN Gilles, Observatoire de la non-scolarisation \u00e0 Mayotte &#8211; Point infos n\u00b0 1 &#8211; Les enfants en \u00e2ge d\u2019\u00eatre scolaris\u00e9s (3-15 ans r\u00e9volus) et qui ne le sont pas : r\u00e9sultats de la m\u00e9thode \u00ab par soustraction \u00bb, CREF-UPN, 2026.\u00a0\u27e8hal-05494170\u27e9 https:\/\/hal.science\/view\/index\/docid\/5494170 MATHON-CECILLON Tanguy, S\u00c9RAPHIN&#8230;<\/p>\n","protected":false},"author":1,"featured_media":0,"parent":0,"menu_order":0,"comment_status":"closed","ping_status":"closed","template":"","meta":{"_kad_blocks_custom_css":"","_kad_blocks_head_custom_js":"","_kad_blocks_body_custom_js":"","_kad_blocks_footer_custom_js":"","_kad_post_transparent":"","_kad_post_title":"","_kad_post_layout":"","_kad_post_sidebar_id":"","_kad_post_content_style":"","_kad_post_vertical_padding":"","_kad_post_feature":"","_kad_post_feature_position":"","_kad_post_header":false,"_kad_post_footer":false,"_kad_post_classname":"","footnotes":"","_links_to":"","_links_to_target":""},"coauthors":[6],"class_list":["post-210","page","type-page","status-publish","hentry"],"taxonomy_info":[],"featured_image_src_large":false,"author_info":{"display_name":"Gilles S\u00e9raphin","author_link":"https:\/\/efis.parisnanterre.fr\/nsm\/author\/gilles\/"},"comment_info":0,"_links":{"self":[{"href":"https:\/\/efis.parisnanterre.fr\/nsm\/wp-json\/wp\/v2\/pages\/210","targetHints":{"allow":["GET"]}}],"collection":[{"href":"https:\/\/efis.parisnanterre.fr\/nsm\/wp-json\/wp\/v2\/pages"}],"about":[{"href":"https:\/\/efis.parisnanterre.fr\/nsm\/wp-json\/wp\/v2\/types\/page"}],"author":[{"embeddable":true,"href":"https:\/\/efis.parisnanterre.fr\/nsm\/wp-json\/wp\/v2\/users\/1"}],"replies":[{"embeddable":true,"href":"https:\/\/efis.parisnanterre.fr\/nsm\/wp-json\/wp\/v2\/comments?post=210"}],"version-history":[{"count":15,"href":"https:\/\/efis.parisnanterre.fr\/nsm\/wp-json\/wp\/v2\/pages\/210\/revisions"}],"predecessor-version":[{"id":312,"href":"https:\/\/efis.parisnanterre.fr\/nsm\/wp-json\/wp\/v2\/pages\/210\/revisions\/312"}],"wp:attachment":[{"href":"https:\/\/efis.parisnanterre.fr\/nsm\/wp-json\/wp\/v2\/media?parent=210"}],"wp:term":[{"taxonomy":"author","embeddable":true,"href":"https:\/\/efis.parisnanterre.fr\/nsm\/wp-json\/wp\/v2\/coauthors?post=210"}],"curies":[{"name":"wp","href":"https:\/\/api.w.org\/{rel}","templated":true}]}}